uppose f - 3*f - 3*o - 65 = 0, -2*f - 73 = -5*o. Let l = 57 + f. What are the prime factors of l?
23
Let k = 34 - 10. Suppose s - k = 11. What are the prime factors of s?
5, 7
Let n = 41 - 10. List the prime factors of n.
31
Let k = -4 + 10. Suppose -k = -n - 1. What are the prime factors of n?
5
Let y = -8 + 4. List the prime factors of y*(-3 + 3 + -2).
2
Suppose -6 + 1 = a. Let k = 3 + a. Let w(n) = n**2 - n + 2. List the prime factors of w(k).
2
Let h(q) = -13*q. What are the prime factors of h(-2)?
2, 13
List the prime factors of (-970)/(-70) - (-1)/7.
2, 7
Let b be 3/2*(0 - -2). Suppose 0 = -2*o + 68 + 62. Suppose -b*v - 2*v + o = 0. List the prime factors of v.
13
Let t(b) = -b**3 + b**2 + 2*b - 2. Suppose 24 = -3*z - 5*w, 3*z + 2*w + 14 + 1 = 0. What are the prime factors of t(z)?
2, 7
Let t be (-9)/6 - (-7)/2. Suppose -5*l - 18 = -i, t*i - 3*l + 2 = 3*i. Suppose 4*j + 17 + 10 = 5*y, -4*j = -i. List the prime factors of y.
7
Suppose -2*l = h - 30, -26 = -l + 2*h + 3*h. What are the prime factors of l?
2
List the prime factors of (22 - 21)/(2/430).
5, 43
Let t(c) = 5*c**3 - c**2 - c + 2. Let s be t(-2). Let l = -3 - s. Let m = l + -22. What are the prime factors of m?
3, 5
List the prime factors of ((-385)/10)/11*-116.
2, 7, 29
Let h = -97 + 147. List the prime factors of ((-4)/5)/((-4)/h).
2, 5
Suppose 61 - 16 = -3*h. Let c = -9 - h. List the prime factors of c.
2, 3
List the prime factors of ((-176)/(-6))/((-22)/(-33)).
2, 11
Suppose -4*x + 125 = 3*l, -x = -3*l - 2*x + 128. Suppose -2*u + 3*p = -41, 2*u - p - l = 4*p. What are the prime factors of u?
19
Let h = -3 - -8. Suppose v - h*f = 110, 0 = 5*v - 3*f - 0*f - 440. Suppose -5*b + v - 15 = 0. What are the prime factors of b?
2, 7
Let j be (2/(-3))/((-1)/(-12)). Let s = -5 - j. Suppose 5*m = -s*n + 25, -19 = -3*m + 5*n - 4. List the prime factors of m.
5
Suppose 5*b + 63 = 8*b. Let w = -10 + b. What are the prime factors of w?
11
Let o be 1/(2/28*2). Let u(d) = -10 + 0*d**2 - 5*d + 2*d**2 - d**2. List the prime factors of u(o).
2
List the prime factors of 18/8 + 6/8 - -92.
5, 19
Let y(d) = d + 1. What are the prime factors of y(3)?
2
Suppose 0 = 4*b - 0*b - 4. Let j(z) = b - 5 + 0 + 5*z. List the prime factors of j(3).
11
Let a(f) = -f**3 + f**2 + f + 1. Let k(p) = -23*p**3 - 6*p**2 - 5*p - 4. Let z(i) = 4*a(i) + k(i). List the prime factors of z(-1).
2, 13
Let b(v) = -v**3 + 9*v**2 + 11*v - 12. Let u be b(10). Let w = -3 - u. Let i = 7 - w. What are the prime factors of i?
2
Let p be ((-20)/5)/(2/(-1)). Let q(u) = u**3 + 5*u**2 + 2*u - 2. Let s be q(-3). What are the prime factors of s + p/(2 + -1)?
2, 3
Let b(j) = j**3 - j**2 + 3*j - 3. Let q(k) = k + 4. Let l be q(-2). List the prime factors of b(l).
7
Let u(r) = -19*r - 3. What are the prime factors of u(-2)?
5, 7
Let t be (6/(-5))/((-4)/20). Suppose -11 + 359 = t*o. What are the prime factors of o?
2, 29
Let p(k) = -k**2 - k + 1. Let c be 11/(-4) - (-4)/(-16). Let l be p(c). Let h = -2 - l. What are the prime factors of h?
3
Let d = 2 - -5. Suppose 0 = -2*f + 11 + d. List the prime factors of f.
3
What are the prime factors of -35*(-1 + (-3)/(-5))?
2, 7
Suppose 2*d - 1 = 213. What are the prime factors of d?
107
Suppose 5*u = -4*c - 10, 2*c + 15 = 5*c. Let v be -1*(3 - 0) - u. Suppose -x + 4*x - 4*r - 57 = 0, -v*x = -2*r - 51. What are the prime factors of x?
3, 5
Let i(v) = v**2 + 9*v + 20. What are the prime factors of i(-16)?
2, 3, 11
Let i(g) = g**2 + 3*g - 1. Let w = 2 - 6. Let u be i(w). Suppose -u*h = -4*h + 2*l + 18, 0 = l + 5. List the prime factors of h.
2
Suppose -2*j - 14 = -2*t - 4*j, 2*j - 44 = -5*t. Let z = -7 + t. What are the prime factors of z?
3
Let x(d) = d**2 + 5*d + 4. Let i be x(-5). Suppose -5*k - 5 = -15, -i*p - 5*k + 22 = 0. Suppose -p*r - 45 = -8*r. List the prime factors of r.
3
Let s = -8 - -37. Suppose 8 + s = p. What are the prime factors of p?
37
Suppose -3*w - 59 = -4*o - 4*w, 5*o - 76 = w. Let g(p) = 18*p**2 + p - 1. Let m be g(1). List the prime factors of (m/o)/(6/40).
2
Suppose 948 = -3*l + 15*l. List the prime factors of l.
79
List the prime factors of 3639/27 + 2/(-18)*-2.
3, 5
What are the prime factors of 15/(-12) + 4203/12?
349
Let c be 8 + 1 + (4 - 2). Let a = -21 + 23. Suppose -2*d = a*g - 26 + 2, 0 = -g - 2*d + c. What are the prime factors of g?
13
Suppose 6*y - 9*y + 285 = 0. What are the prime factors of y?
5, 19
Suppose 6*u = -34 + 214. List the prime factors of u.
2, 3, 5
What are the prime factors of (21/(-14))/(3/(-194))?
97
Let t = -13 - -27. List the prime factors of t/7 - -4*2.
2, 5
Suppose 0 = -y + 4*y - 3*w - 63, w + 97 = 5*y. Suppose 0 = d + 7 - y. List the prime factors of d.
2, 3
Suppose 5*x + 5*p - 3*p - 34 = 0, 0 = -4*x - 5*p + 17. Let z(j) = 4*j - 2. Let s be z(x). Suppose -3*f - s = -6*f. List the prime factors of f.
2, 5
Suppose 85 = -2*g + 7*g. List the prime factors of g.
17
Suppose 4*p + 202 = 3*h, -4*p - 237 = p + 4*h. Let j = -15 - p. What are the prime factors of j?
2, 17
Let z = 103 + -59. List the prime factors of z.
2, 11
Let o(q) = q**3 - 18*q**2 + 11*q + 2. List the prime factors of o(18).
2, 5
Suppose 3*t + 72 = -0*t. Let u = 39 + t. What are the prime factors of u?
3, 5
Let v(n) = -2*n**2 + n. Let z be v(2). Let w(j) = -j**3 - 5*j**2 + 5*j - 3. What are the prime factors of w(z)?
3
Let p = -3 + -8. Let t = p - -26. List the prime factors of t.
3, 5
Suppose -4*b + 494 = v, -2*b + 5*b = -3*v + 375. What are the prime factors of b?
3, 41
Suppose 2*i + 2*i - 216 = 0. Suppose 3*q - 39 = i. What are the prime factors of q?
31
Suppose -4*v = -11 - 5. Suppose -r + 8 = -c, -3*r + 2*c - 5 = -v*r. What are the prime factors of r?
7
Suppose 2*m = -2*m + 16. Suppose -r - m*r = -15. Suppose r*u = -0*o + 3*o - 9, 0 = 4*o - 3*u - 15. List the prime factors of o.
2, 3
Let n(p) = 22*p - 12. What are the prime factors of n(4)?
2, 19
Let t(y) = -3*y + 0*y**2 + y**2 + 0*y**2 - 6. List the prime factors of t(6).
2, 3
List the prime factors of (-22)/4*12/(-2).
3, 11
Let q(w) = w - 48. Let a be q(0). What are the prime factors of (a/(-18))/((-2)/(-12))?
2
Let q = -7 + 66. Suppose -2 = 2*p, -3*t + 0*p - p + q = 0. Suppose -6*m + 2*m = -t. What are the prime factors of m?
5
Suppose 0 = 6*v - v - 150. List the prime factors of v.
2, 3, 5
Let p be ((-4)/6)/(-2)*3. Let t = p - -6. List the prime factors of t.
7
Suppose 2*h + 2*h - 4*y = -16, h + 3*y = -20. What are the prime factors of 21/(-2)*h/6?
2, 7
Suppose -5*l = -z - 510, -9*l + 102 = -8*l + 5*z. What are the prime factors of l?
2, 3, 17
Let r(i) = -i**3 - 11*i**2 + 11*i - 7. Let k be r(-12). Suppose 5*c - 35 = -k*s, -5*s - 4*c - 23 + 61 = 0. What are the prime factors of s?
2, 5
Suppose 0 = 3*f - u - 52, 0 = 5*f + 3*u + 46 - 128. What are the prime factors of f?
17
Let f be (0 - -1)*(-20 + 5). Let j = -11 - f. Suppose 13 = g + 2*p + p, -12 = -j*p. What are the prime factors of g?
2
Suppose 3*n + 3 = -3. Let p(v) = v**2 - v + 2. What are the prime factors of p(n)?
2
Suppose 3*x = x + 84. Let u = x + -24. What are the prime factors of u?
2, 3
Suppose -m = -0*m - 5*g - 9, 2*g = -4*m - 30. Let i be (1 - -1)/((-4)/m). Suppose -l + 9 = i. What are the prime factors of l?
2, 3
Let x = -18 + 55. What are the prime factors of x?
37
Let z(a) = -a**3 - 17*a**2 + 25*a - 47. List the prime factors of z(-19).
2, 5
Let q = -78 - -90. What are the prime factors of q?
2, 3
Suppose -3*g + 2 = -79. What are the prime factors of g?
3
Suppose -2*j = 2*j + 4*n, 2*j + 3*n = -2. List the prime factors of j.
2
Suppose 3*a + 2*g - 66 = -g, 0 = 5*a + 3*g - 102. Suppose 12 + a = 5*v. What are the prime factors of v?
2, 3
Suppose -4*q = 3*j + 10, 3*q + 0*j + 14 = j. Let c = 2 - q. What are the prime factors of c?
2, 3
Let j be ((-6)/(-4))/(1/10). List the prime factors of j/20 - 82/(-8).
11
Let i(f) = -18*f + 1. Let j be i(-1). Let h = j + -10. What are the prime factors of h?
3
Let f = 12 - 8. Suppose -2*b + 26 = 2*s, 5*s = f*b - 5*b + 1. What are the prime factors of b?
2
Let x = -3 - -5. List the prime factors of (x/(-4))/((-1)/24).
2, 3
Suppose 0 = -2*l + 6, 4*h = l + 2*l + 1171. List the prime factors of h.
5, 59
Let r(j) = j**2 - 9*j + 12. Let h be r(8). Suppose h*i + 5*z + 103 - 22 = 0, 3*z + 57 = -3*i. List the prime factors of 4/14 + (-52